 65697 + 2943 = 0. Calculate the greatest common factor of u and 117.
39
Suppose 2*k + 4*y - 10 = 0, 11 = -5*k - 5*y + 26. Let n = 0 - -9. What is the highest common divisor of n and k?
1
Let y(j) = 2*j**2 - 38*j - 1087. Let s be y(35). Let k(t) = -17*t**3 + 2*t. Let p be k(-2). Calculate the highest common factor of p and s.
33
Suppose -i + 143 = 4*m, 12*i - 84 = -2*m + 14*i. What is the highest common factor of 296 and m?
37
Let g(i) = 3*i - 35. Let s be g(19). What is the highest common divisor of s and 55?
11
Let t(v) = -3*v - 3. Let b be t(-5). Suppose -b = -2*a + 2*k, 3*a = -2*a - 5*k - 10. Let f be 6 - a/(4/(-6)). Calculate the highest common divisor of f and 99.
9
Suppose 30*l = 28*l + 54. Suppose -d + l = -98. Calculate the greatest common factor of 50 and d.
25
Let x(m) = m**2 + 17*m + 31. Let k be x(-15). What is the greatest common divisor of k and 4?
1
Let j = -1474 + 1551. Let y be ((-22)/4)/((-1)/2). What is the greatest common factor of y and j?
11
Let m = -82 - -79. Let y(z) = -z**3 - 2*z**2 - 4*z - 7. Let k be y(m). What is the highest common factor of k and 7?
7
Suppose -u - u - 84 = -4*z, -4*u - 16 = 0. Let w = 60 - 20. Suppose 2*x - w = -2. What is the highest common factor of z and x?
19
Suppose s + 6*n - 424 = 2*n, 0 = 2*s - 5*n - 900. Calculate the greatest common divisor of 40 and s.
40
Let t(n) = -n**3 - 7*n**2 - 8*n - 4. Suppose -2*k = k + 18. Let c be t(k). Let a be (-141)/(-6) + (-12)/c. What is the greatest common divisor of 44 and a?
22
Let r be (-18 - -16) + 50/1. Suppose -2*y + 61 = -179. Calculate the highest common divisor of y and r.
24
Let z = 85 + -54. Suppose k - 1021 = -3*m, -17*k + 20*k = 2*m - 688. Calculate the greatest common factor of m and z.
31
Let g be ((-2)/(-3))/((-2)/(-6)) - -78. What is the greatest common factor of 5 and g?
5
Suppose -27 - 41 = -k - 4*h, 5*k - 292 = -4*h. Let s be (448/24)/(4/30). What is the greatest common factor of k and s?
28
Let o(t) = -t**3 - 1. Suppose 0 = -0*r + 5*r - 5. Let x be o(r). Let z be (-5 - x) + 0 + 27. Calculate the highest common divisor of 12 and z.
12
Let y = -1 - -13. Let x(c) = -4*c - 29. Let m(d) = 12*d + 88. Let k(u) = -3*m(u) - 8*x(u). Let p be k(-11). Calculate the greatest common divisor of p and y.
12
Suppose -35 = -2*s - 23. What is the greatest common factor of 21 and s?
3
Let d(r) = 40*r - 637. Let u be d(16). Let c = 1 + 11. What is the greatest common factor of c and u?
3
Let w = 29 - 21. What is the highest common factor of w and 56?
8
Suppose 0*z - 22 = 3*z - i, 4*z + 23 = -5*i. Let h(a) = 2*a + 2. Let w be h(z). Let t = 16 + w. What is the greatest common divisor of 4 and t?
4
Let a be -1 + 370/12 + (-95)/(-570). Calculate the greatest common divisor of a and 24.
6
Let d be 2*9 - (-4 + 6). Calculate the greatest common factor of d and 72.
8
Let d(x) = -12*x - 2. Let w be d(-2). Let i = -9 + w. Suppose 13 = a - 0*a. Calculate the highest common factor of a and i.
13
Let f(t) = -t**2 + 3*t + 7. Let p be f(0). Calculate the greatest common divisor of p and 35.
7
Suppose 8*s + 27 = 3*m + 4*s, -4*s - 32 = -4*m. Let p be (-1)/(2/(-6)) - m. Let r be 25/10 - (-1)/p. Calculate the greatest common divisor of 2 and r.
2
Suppose 5*x - 142 - 13 = -5*b, b - 16 = 2*x. Let s be 4 + -8 - (1 - b). Calculate the highest common divisor of s and 84.
21
Let k(l) = l**3 + 13*l**2 + 3*l + 1. Suppose t = -0*t - v - 6, 3*v + 26 = -4*t. Let i be k(t). What is the highest common factor of 33 and i?
33
Let g(s) = -195 + s - 7*s**2 - s**3 - 9*s**2 + 17*s**2. Let p be g(0). Let w be 12/4 - p - 0. What is the greatest common divisor of w and 18?
18
Let c(p) = -p**3 - 14*p**2 + 15*p + 6. Let k be c(-15). Suppose -5*q + k + 44 = 0. Calculate the greatest common factor of q and 25.
5
Let d = -73 + 70. Let z be 1/((d - -1)*3/(-282)). What is the highest common divisor of z and 141?
47
Let p be 2*37*(988/(-8))/(-19). Calculate the highest common divisor of 37 and p.
37
Let r be 7/1 - (-2)/1. Let m(g) = -3*g + 1. Let d be m(r). Let l = d + 30. What is the greatest common factor of 8 and l?
4
Let r = 227 + -110. Let s = r + -102. Calculate the highest common divisor of s and 12.
3
Suppose z - 44 = -z. Let q = -9 + 27. Suppose 0 = y + 3*d - q, 4*d - 5*d + 160 = 5*y. Calculate the highest common factor of z and y.
11
Suppose 46 = k + 4*i, 0 = 4*k - 8*i + 3*i - 79. Calculate the highest common divisor of 91 and k.
13
Let x be (-3)/2*16/(-3). Suppose -3*j + 2 = -2*j + 5*y, 2*y + x = 4*j. Let r be ((-6)/21 + j)*14. Calculate the greatest common divisor of r and 72.
24
Suppose -3*j = 2*u + 6 - 4, -2*j + 16 = -3*u. Suppose -4*t - 4*k = -448, -2*k = -j*t + 274 - 50. Calculate the greatest common factor of t and 14.
14
Let b = -94 - -106. Calculate the highest common divisor of 60 and b.
12
Suppose -4*d + 597 = h, 2*d - h - 72 - 231 = 0. What is the highest common divisor of 70 and d?
10
Suppose -5*t = 3*c, 30 = 3*c - 3*t - 2*t. Let q = -99 + 149. Suppose 10 = c*s - q. Calculate the greatest common divisor of s and 108.
12
Let l be (-4)/32 - (-723)/24. Suppose -5*o + 0*o + 5 = 0. Let z be (-31 + o)*6/(-9). Calculate the highest common divisor of l and z.
10
Let x(a) = -a**3 - 4*a - 5. Let j(w) = -w**3 - 3*w - 5. Let r(p) = -4*j(p) + 3*x(p). Let l be r(0). Calculate the highest common factor of 55 and l.
5
Let c be 300 + -6 + 7 + -4 + 0. What is the greatest common factor of c and 11?
11
Let s = 15 + -3. Let h(z) = 3*z**2 + 12*z - 7. Let i be h(9). Let p be i/28 + (-10)/35. Calculate the greatest common divisor of s and p.
12
Suppose 9*j - 195 = 3. Calculate the greatest common factor of j and 2.
2
Let w(p) = 56*p**2 - p. Suppose 4*o = 2*o - 8. Let x = -3 - o. Let h be w(x). What is the highest common divisor of h and 5?
5
Let y(i) = 3*i**2 - 4. Let k be y(-3). Let m = 14 + -10. Suppose m*h + 16 = 5*n, 6*n = n - 3*h + k. Calculate the greatest common factor of 6 and n.
2
Suppose 25*t - 23*t = 24. Calculate the highest common divisor of t and 28.
4
Let b = -8 + 19. Let x = 26 - b. Suppose 24 = 3*g + 4*u - 7*u, -3*u - 6 = 3*g. What is the highest common divisor of x and g?
3
Let b = 12 + -11. Suppose h - 6*h + 25 = 0. What is the highest common divisor of b and h?
1
Suppose -23*c - 82 = -266. What is the greatest common factor of c and 232?
8
Suppose 0 = 17*d + 2356 - 11077. Calculate the highest common factor of d and 27.
27
Let i be 272/8 - (-22 + 16). Calculate the highest common divisor of 1480 and i.
40
Let w(u) = -u**3 + 21*u**2 - 36*u - 8. Let s be w(19). What is the highest common factor of s and 282?
6
Suppose 226 = -7*v + 1290. Calculate the highest common factor of v and 380.
76
Suppose 16*v - 63 = 13*v. Suppose 0 = 3*k - 19 - 107. Calculate the greatest common divisor of k and v.
21
Let a be 0/(0 + -2) - -4. Suppose a*h - 32 = 288. Let d = -231 + 241. What is the highest common divisor of d and h?
10
Let j(a) = a**2 + 5*a - 12. Let q be j(-7). Suppose 2*y = 3*z + 131, -q*y - 2*z + 216 = y. Calculate the highest common factor of y and 28.
14
Let z be 16 - 6 - -2*1. Let k = 48 - 92. Let f be (-3 - k/z)*12. What is the highest common factor of f and 88?
8
Suppose g = 2*l - 59 + 1, -2*l + 4*g + 52 = 0. Calculate the greatest common divisor of l and 75.
15
Suppose -4*t = -5*t - 4*a - 14, 4*a + 18 = t. Let i be (-1308)/(-66) - 3/((-33)/t). What is the highest common factor of 8 and i?
4
Let d be (-5)/((-4)/(-2 - -6)). Suppose 3*b + 103 = -5*i + 904, -d*b = -2*i + 339. Suppose 4*m = m + i. Calculate the greatest common factor of 9 and m.
9
Let r be (-1 - -16) + (13 - 80/8). Calculate the greatest common factor of 225 and r.
9
Let r = 3 + -1. Let f(a) = -3*a - 3. Suppose -4*g - 4*m = 20, 0*g + 3*g + 4*m = -17. Let j be f(g). Calculate the highest common factor of j and r.
2
Let h = -172 - -196. What is the greatest common divisor of h and 21?
3
Suppose 0 = -3*b - 0*b + 1008. Suppose 148 + 268 = 5*f - 4*z, 4*f = 4*z + b. Let h be (8/(-3))/((-5)/30). Calculate the greatest common factor of f and h.
16
Let f be (-13)/(6/(-4)*14/63). Suppose 138 = 4*m - 3*n - f, -4*m + 5*n = -175. Calculate the highest common divisor of 90 and m.
45
Suppose 0 = 23*w - 15542 - 5388. What is the greatest common factor of w and 91?
91
Let l(a) = 123*a**3 + 3*a**2 + 4*a. Let n be l(5). Let v be 1/(-2) -